pose -4*l - 20 = 5*f - 163, 3*l + 48 = 2*f. Let x be -1 + 2 - (2 - 190). Calculate the greatest common factor of f and x.
27
Let c(w) = 2*w**2 + 93*w - 927. Let a be c(11). Calculate the highest common divisor of a and 26.
26
Let k = -698 - -1032. Let r = -272 + k. What is the highest common factor of r and 186?
62
Let n(o) = 3*o**2 - 6*o - 3. Let m be n(3). Suppose -31 = -m*h + 17. What is the greatest common divisor of h and 24?
8
Suppose 85*s = 6140 + 405. What is the highest common divisor of s and 371?
7
Let a(k) = -k**3 + 3*k**2 + 4*k + 1. Let i be a(6). Let f be i/(-9) - 32/144. What is the highest common factor of 72 and f?
9
Let c = -563 + 995. Suppose -81*f + 40 = -77*f. Suppose f*b = c + 288. Calculate the highest common factor of b and 8.
8
Let l be ((-66)/(-1))/((-74)/(-370)). Let t = 351 - l. Calculate the highest common divisor of t and 161.
7
Let h be 24/(-2 - (-3)/(120/95)). What is the greatest common factor of 496 and h?
16
Let l(x) = -5*x**3 + 4*x - 3. Let h be l(2). Let s = h + 40. Suppose -n + 35 = n + o, -s = 5*o. What is the highest common factor of 162 and n?
18
Let v be (-366)/(-90)*5*3 - 1. Let x(d) = d**2 + 44. Let o be x(0). Let j be o - (3/3 + -2). What is the greatest common divisor of v and j?
15
Suppose 0 = 5*q - 25, -8*r + 140 = -3*r + 4*q. Suppose 3*m + 6 = 0, -20*f = -r*f - 5*m + 42. Calculate the highest common divisor of 559 and f.
13
Let i(c) = 820*c - 343. Let m be i(1). What is the highest common divisor of m and 265?
53
Suppose 2*n = 6*n + 2*w - 24, 5*n + w - 33 = 0. Suppose -n*i - 549 = -10*i. Let k = -87 + i. Calculate the greatest common factor of 64 and k.
32
Let g = -9952 + 10097. What is the greatest common factor of 1189 and g?
29
Suppose -2*v + 3*u + 88 = 0, -3*v + 28 = -3*u - 113. Let g be (1428 - 12/(-3)) + -1. What is the highest common factor of g and v?
53
Let s(q) = 3*q**3 + 8. Let r be s(-2). Let c(u) = 2*u**2 + 16*u - 118. Let k be c(r). Calculate the highest common factor of 69 and k.
69
Let w(r) = r**3 - 24*r**2 + 6*r - 420. Let t be w(28). What is the highest common factor of 56 and t?
28
Let s(n) = -97*n + 1. Let a be s(-1). Let c = -47867 + 47916. What is the highest common divisor of a and c?
49
Suppose 0 = 9*t - 484 + 169. Let g(m) = -8*m - 241. Let j be g(-31). What is the greatest common factor of t and j?
7
Let n(s) = -s**2 - 24*s + 48. Let q be n(-23). What is the greatest common factor of q and 7?
1
Suppose -4*j - 2 = 4*f + 18, 2*j - 3*f = 15. Let c = 48 - j. What is the highest common factor of 64 and c?
16
Suppose -g + 21*p + 48 = 24*p, 2*g - 66 = 4*p. Let x be (-4)/(-16) + (g/(-12) - -4). What is the greatest common divisor of 2 and x?
1
Let n be ((-6)/(-4))/((-1)/(-10)). Let z be (-12)/n*(2 + -7). Suppose -4*l = x - 12, -5*x + 70 = 3*l - 24. Calculate the greatest common factor of x and z.
4
Let b = 62 + -27. Let z(l) = -2*l**2 + 38*l + 38. Let s be z(20). Let f be (s + 12)/(28/14). Calculate the greatest common factor of f and b.
5
Let g(y) = y**2 + 7*y - 8. Let v be g(-8). Suppose -l + 7 + 2 = v. Suppose 27*k + 2907 = 350*k. Calculate the highest common divisor of k and l.
9
Let q(f) = -2*f**2 + 38*f - 175. Let c be q(9). Let o = -339 - -484. What is the greatest common factor of c and o?
5
Suppose 4*z + 4*l - 68 = 0, -243*l + 246*l = 9. Calculate the greatest common divisor of 3563 and z.
7
Let r = 1 - -1. Suppose -4*d - 19 = -5*g, 4*d - 36 = -3*g - 31. Suppose 2*k - g*p = 55, 6 = -r*p + 4*p. What is the greatest common factor of k and 32?
32
Let i be (-44130)/(-735) - (-76)/(-1862). Calculate the highest common divisor of i and 1644.
12
Suppose 4*d + 4 = -4*j, 5*d - j = -5*j - 6. Let n be (-3996)/(-57) - d/(-57)*3. Calculate the highest common factor of n and 80.
10
Let o = 4922 - 4904. What is the greatest common factor of o and 1338?
6
Let t = 101 + -98. Suppose t*m - 321 = 2*k, 519 = 5*m + 4*k - 2*k. Calculate the greatest common divisor of m and 15.
15
Suppose 0 = -0*q - 3*q + 4*s + 26, 0 = 5*q - s - 15. Let x be (-176)/84 + q + (-16140)/(-126). What is the greatest common factor of 64 and x?
64
Let a be 14/(-5)*(-185)/74. Suppose 669 + 1179 = a*p. Calculate the greatest common divisor of p and 4.
4
Let l(u) = 746*u**2 + 11*u + 3. Let n be l(-2). Calculate the highest common divisor of n and 5.
5
Let w(c) = 120*c + 5180. Let y be w(-43). What is the highest common factor of 4920 and y?
20
Let a = -145 + 167. Suppose -8*r + 66 + a = 0. What is the greatest common divisor of r and 319?
11
Suppose -45*c = -15*c - 20520. Suppose 113 = 40*x - 367. What is the greatest common divisor of c and x?
12
Suppose 45*y = -30*y - 22*y + 11058. What is the highest common factor of y and 456?
114
Suppose 3*j - 4 = 2*j. Suppose -6 = -j*q + 10. Let n(d) = -d**3 + 14*d**2 + 34*d - 28. Let s be n(16). What is the highest common divisor of q and s?
4
Suppose 0*m + 2*s + 274 = 2*m, -5*m + 681 = -4*s. Let y(v) = -v**3 + v - 3. Let w be y(4). Let r = -44 - w. Calculate the highest common divisor of m and r.
19
Let t = -69 + 84. Let a = 11 + t. Suppose 0 = 22*v - a*v + 1472. What is the greatest common divisor of v and 46?
46
Suppose -25*r - 5940 = -190*r. Calculate the greatest common divisor of r and 4626.
18
Let i be ((-4334)/(-154) - (-4 + -8)) + 1/(-7). Calculate the highest common factor of 688 and i.
8
Let l be -6 + (-141 - 5) + 1. Let p = 265 + l. Calculate the highest common factor of 12 and p.
6
Let g be (-1)/5 - 14/(70/(-41)). What is the greatest common divisor of 4512 and g?
8
Let f be -1*(-1 - (7 - 4)). Suppose f*p = r + 55, p + 4*p = 2*r + 68. Calculate the greatest common factor of p and 8.
2
Let g = 2696 - 2623. What is the highest common factor of g and 2336?
73
Let w(f) = 11*f**3 - 13*f**2 + 28*f + 27. Let r be w(4). Calculate the highest common divisor of r and 7874.
127
Let n(a) = -2*a**3 + 30*a**2 + a - 221. Let q be n(14). Calculate the greatest common factor of 80 and q.
5
Let l(b) = 26*b - 148. Let o be l(6). Let v be -6*o/(-32)*16. Calculate the greatest common factor of 66 and v.
6
Let j(z) = -3*z**2 + 5*z - 17. Let l be j(-6). Let k = 245 + l. What is the highest common divisor of k and 126?
18
Let a be (197 + -7)*(8 + (-39)/5). What is the greatest common divisor of a and 11685?
19
Let m(z) = 5*z**2 + 10*z + 62. Let i = -11 - -1. Let l be m(i). What is the highest common divisor of 132 and l?
66
Let s = 17140 + -16780. What is the greatest common factor of 390 and s?
30
Let r = -123 - -126. Suppose r*z = c + 61, 38 = z + 4*c + 9. Calculate the greatest common factor of 28 and z.
7
Suppose -3 = 3*d - 33. Suppose 0 = m - 4*k - 10, -6*m = -2*m - 3*k - 27. Let h be 37 - -6 - m - -3. Calculate the greatest common divisor of h and d.
10
Let j(s) = 12*s**2 + 4*s - 3. Let z be j(2). Let f = z - 52. Let v be f*(-2)/2 - (-4 - 3). Calculate the greatest common factor of 3 and v.
3
Let r(q) = 7*q - 54. Let w(y) = 5*y - 52. Let s(j) = 3*r(j) - 4*w(j). Let b be s(-8). Calculate the highest common factor of b and 494.
38
Let b(l) = -76*l**3 - l**2 + 2*l - 1. Let q be b(1). Let z = q - -85. Let t be 365 + 3/z + 21/(-9). What is the greatest common divisor of 33 and t?
33
Suppose 19*v + 323 = 5*q + 16*v, 4*q - 252 = -4*v. Let r = 56 - 52. What is the greatest common divisor of r and q?
4
Let q(r) = 6*r + 104. Let i be q(-17). Suppose -a - 5*p = 2*a - 158, -i*p = -2*a + 116. What is the highest common divisor of a and 224?
56
Let q(m) = 655*m - 2374. Let x be q(5). What is the greatest common factor of x and 17?
17
Let r(b) be the first derivative of -10*b**2 - 68*b + 192. Let s be r(-9). What is the highest common divisor of 126 and s?
14
Let q(x) = x**2 + 32 - 11*x**2 - x**3 + 2*x**3 + 4*x - 22. Let j be q(10). Calculate the highest common divisor of j and 50.
50
Suppose -57 = -5*b - 4*g + 6*g, -5*g = 5*b - 85. Let r be 39/(-8)*((-702)/(-1170) - 2/(-30))*-4. Calculate the greatest common divisor of b and r.
13
Suppose -58*y - 58*y + 22*y = 0. Let h be 1/(-4) - 21/12. Let t be h + 5 + (y - 2) + 5. What is the highest common factor of t and 60?
6
Suppose 31*i + 608 - 2995 = 0. Let w = i - -15. Calculate the greatest common divisor of 92 and w.
92
Suppose u + 717 = 3*s + 3251, 0 = -4*s + 24. What is the highest common divisor of u and 9889?
319
Let l(t) = 24*t**3 - 5*t**2 -